{"id":3783,"date":"2026-04-29T12:08:05","date_gmt":"2026-04-29T12:08:05","guid":{"rendered":"https:\/\/acelerapyme.asime.es\/vigo\/?post_type=tribe_events&#038;p=3783"},"modified":"2026-04-29T12:08:05","modified_gmt":"2026-04-29T12:08:05","slug":"webinar-proteccion-integral-del-correo-electronico-en-la-empresa","status":"publish","type":"tribe_events","link":"https:\/\/acelerapyme.asime.es\/vigo\/event\/webinar-proteccion-integral-del-correo-electronico-en-la-empresa\/","title":{"rendered":"Webinar: Protecci\u00f3n integral del correo electr\u00f3nico en la empresa"},"content":{"rendered":"<p data-path-to-node=\"3\">\u00bfSab\u00edas que m\u00e1s del 90% de los ciberataques exitosos comienzan con un <strong>correo electr\u00f3nico<\/strong>? En un entorno donde las amenazas son cada vez m\u00e1s sofisticadas, blindar la comunicaci\u00f3n digital de tu organizaci\u00f3n no es una opci\u00f3n, es una necesidad.<\/p>\n<p data-path-to-node=\"3\">Desde la <b data-path-to-node=\"5\" data-index-in-node=\"9\">Oficina Acelera Pyme de Asime<\/b>, en colaboraci\u00f3n con los expertos de <b data-path-to-node=\"5\" data-index-in-node=\"76\">Semantic Systems<\/b>, organizamos este webinar gratuito dise\u00f1ado para dotar a pymes, personas emprendedoras y aut\u00f3nomas de las herramientas y conocimientos necesarios para proteger su activo m\u00e1s vulnerable: el email.<\/p>\n<p data-path-to-node=\"4\">Aprender\u00e1s a identificar las amenazas m\u00e1s actuales y, sobre todo, a implementar estrategias de protecci\u00f3n que garanticen la integridad de tu informaci\u00f3n.<\/p>\n<ul>\n<li>Fecha: 27 de mayo.<\/li>\n<li>Horario: 12:00 h a 13:00 h.<\/li>\n<li>Duraci\u00f3n: 1 hora.<\/li>\n<li>Formato: Online<\/li>\n<\/ul>\n<p>Inscr\u00edbete aqu\u00ed:\u00a0 <a href=\"https:\/\/zfrmz.com\/JrcAWAIjOb8qSkqBwjvc\" target=\"_blank\" rel=\"noopener\">https:\/\/zfrmz.com\/JrcAWAIjOb8qSkqBwjvc<\/a><\/p>\n<p>&nbsp;<\/p>\n<p>&nbsp;<\/p>\n","protected":false},"excerpt":{"rendered":"<p>\u00bfSab\u00edas que m\u00e1s del 90% de los ciberataques exitosos comienzan con un correo electr\u00f3nico? En un entorno donde las amenazas son cada vez m\u00e1s sofisticadas, blindar la comunicaci\u00f3n digital de &#8230; <a title=\"Webinar: Protecci\u00f3n integral del correo electr\u00f3nico en la empresa\" class=\"read-more\" href=\"https:\/\/acelerapyme.asime.es\/vigo\/event\/webinar-proteccion-integral-del-correo-electronico-en-la-empresa\/\" aria-label=\"M\u00e1s en Webinar: Protecci\u00f3n integral del correo electr\u00f3nico en la empresa\">Leer m\u00e1s<\/a><\/p>\n","protected":false},"author":2,"featured_media":3801,"comment_status":"open","ping_status":"closed","template":"","meta":{"_tribe_events_status":"","_tribe_events_status_reason":"","footnotes":""},"tags":[],"tribe_events_cat":[],"class_list":["post-3783","tribe_events","type-tribe_events","status-publish","has-post-thumbnail","hentry"],"acf":[],"_links":{"self":[{"href":"https:\/\/acelerapyme.asime.es\/vigo\/wp-json\/wp\/v2\/tribe_events\/3783","targetHints":{"allow":["GET"]}}],"collection":[{"href":"https:\/\/acelerapyme.asime.es\/vigo\/wp-json\/wp\/v2\/tribe_events"}],"about":[{"href":"https:\/\/acelerapyme.asime.es\/vigo\/wp-json\/wp\/v2\/types\/tribe_events"}],"author":[{"embeddable":true,"href":"https:\/\/acelerapyme.asime.es\/vigo\/wp-json\/wp\/v2\/users\/2"}],"replies":[{"embeddable":true,"href":"https:\/\/acelerapyme.asime.es\/vigo\/wp-json\/wp\/v2\/comments?post=3783"}],"version-history":[{"count":3,"href":"https:\/\/acelerapyme.asime.es\/vigo\/wp-json\/wp\/v2\/tribe_events\/3783\/revisions"}],"predecessor-version":[{"id":3800,"href":"https:\/\/acelerapyme.asime.es\/vigo\/wp-json\/wp\/v2\/tribe_events\/3783\/revisions\/3800"}],"wp:featuredmedia":[{"embeddable":true,"href":"https:\/\/acelerapyme.asime.es\/vigo\/wp-json\/wp\/v2\/media\/3801"}],"wp:attachment":[{"href":"https:\/\/acelerapyme.asime.es\/vigo\/wp-json\/wp\/v2\/media?parent=3783"}],"wp:term":[{"taxonomy":"post_tag","embeddable":true,"href":"https:\/\/acelerapyme.asime.es\/vigo\/wp-json\/wp\/v2\/tags?post=3783"},{"taxonomy":"tribe_events_cat","embeddable":true,"href":"https:\/\/acelerapyme.asime.es\/vigo\/wp-json\/wp\/v2\/tribe_events_cat?post=3783"}],"curies":[{"name":"wp","href":"https:\/\/api.w.org\/{rel}","templated":true}]}}

Webinar: Protección integral del correo electrónico en la empresa

<p data-path-to-node="3">¿Sabías que más del 90% de los ciberataques exitosos comienzan con un <strong>correo electrónico</strong>? En un entorno donde las amenazas son cada vez más sofisticadas, blindar la comunicación digital de tu organización no es una opción, es una necesidad.</p>
<p data-path-to-node="3">Desde la <b data-path-to-node="5" data-index-in-node="9">Oficina Acelera Pyme de Asime</b>, en colaboración con los expertos de <b data-path-to-node="5" data-index-in-node="76">Semantic Systems</b>, organizamos este webinar gratuito diseñado para dotar a pymes, personas emprendedoras y autónomas de las herramientas y conocimientos necesarios para proteger su activo más vulnerable: el email.</p>
<p data-path-to-node="4">Aprenderás a identificar las amenazas más actuales y, sobre todo, a implementar estrategias de protección que garanticen la integridad de tu información.</p>
<ul>
<li>Fecha: 27 de mayo.</li>
<li>Horario: 12:00 h a 13:00 h.</li>
<li>Duración: 1 hora.</li>
<li>Formato: Online</li>
</ul>
<p>Inscríbete aquí:  <a href="https://zfrmz.com/JrcAWAIjOb8qSkqBwjvc" target="_blank" rel="noopener">https://zfrmz.com/JrcAWAIjOb8qSkqBwjvc</a></p>
<p>&nbsp;</p>
<p>&nbsp;</p>

<p>¿Sabías que más del 90% de los ciberataques exitosos comienzan con un correo electrónico? En un entorno donde las amenazas son cada vez más sofisticadas, blindar la comunicación digital de &#8230; <a title="Webinar: Protección integral del correo electrónico en la empresa" class="read-more" href="https://acelerapyme.asime.es/vigo/event/webinar-proteccion-integral-del-correo-electronico-en-la-empresa/" aria-label="Más en Webinar: Protección integral del correo electrónico en la empresa">Leer más</a></p>
