{"id":3778,"date":"2026-04-29T10:29:54","date_gmt":"2026-04-29T10:29:54","guid":{"rendered":"https:\/\/acelerapyme.asime.es\/vigo\/?post_type=tribe_events&#038;p=3778"},"modified":"2026-04-29T10:29:54","modified_gmt":"2026-04-29T10:29:54","slug":"jornada-demostraviva-gestion-de-rutas-optimizadas-con-ia-gemini","status":"publish","type":"tribe_events","link":"https:\/\/acelerapyme.asime.es\/vigo\/event\/jornada-demostraviva-gestion-de-rutas-optimizadas-con-ia-gemini\/","title":{"rendered":"Jornada Dem\u00f3straviva: Gesti\u00f3n de rutas optimizadas con IA (Gemini)"},"content":{"rendered":"<p>Desde la Oficina Acelera Pyme de Asime, en colaboraci\u00f3n con<a href=\"https:\/\/sanbenito.es\/\" target=\"_blank\" rel=\"noopener\"> Inform\u00e1tica San Benito<\/a>, organizamos este curso pr\u00e1ctico dise\u00f1ado espec\u00edficamente para pymes que buscan reducir costes y mejorar su eficiencia diaria dirigido a los miembros de ASAT Galicia.<\/p>\n<p>En esta sesi\u00f3n, de la mano del experto Joaqu\u00edn Gonz\u00e1lez, descubriremos c\u00f3mo la Inteligencia Artificial de Gemini puede convertirse en tu copiloto inteligente para planificar rutas m\u00e1s inteligentes en menos tiempo.<\/p>\n<p>\ud83c\udfaf Objetivos de la jornada<\/p>\n<ul>\n<li>Ahorro real: Reducir kil\u00f3metros innecesarios y costes operativos.<\/li>\n<li>Productividad: Dedicar menos tiempo a la planificaci\u00f3n y m\u00e1s a lo que de verdad importa: tus clientes.<\/li>\n<li>Decisiones basadas en datos: Aprender a usar herramientas f\u00e1ciles y sin complicaciones t\u00e9cnicas.<\/li>\n<li>Casos pr\u00e1cticos: Veremos c\u00f3mo pasar de una lista de paradas a una ruta optimizada en segundos.<\/li>\n<\/ul>\n<p><img decoding=\"async\" class=\"emoji\" role=\"img\" src=\"https:\/\/s.w.org\/images\/core\/emoji\/17.0.2\/svg\/1f4c5.svg\" alt=\"\ud83d\udcc5\" \/> 19 de mayo (Provisional)<br \/>\n<img decoding=\"async\" class=\"emoji\" role=\"img\" src=\"https:\/\/s.w.org\/images\/core\/emoji\/17.0.2\/svg\/1f557.svg\" alt=\"\ud83d\udd57\" \/> 20:00 h. (Duraci\u00f3n aproximada: 2 horas).<br \/>\n<img decoding=\"async\" class=\"emoji\" role=\"img\" src=\"https:\/\/s.w.org\/images\/core\/emoji\/17.0.2\/svg\/1f4cd.svg\" alt=\"\ud83d\udccd\" \/>Presencial \u2013\u00a0<a href=\"https:\/\/maps.app.goo.gl\/CUnW1PEV5Lgw6jan8\" target=\"_blank\" rel=\"noopener\">R\u00faa do Doutor Corbal, 51, Teis, 36207 Vigo<\/a>\u00a0(Sede Asime). Dispone de aparcamiento.<\/p>\n<p>Esta <strong>jornada es exclusiva para asociados de ASAT Galicia<\/strong> (Pymes y aut\u00f3nomos de servicios de asistencia t\u00e9cnica, repartos o mantenimiento).<\/p>\n<p>&nbsp;<\/p>\n<p>&nbsp;<\/p>\n","protected":false},"excerpt":{"rendered":"<p>Desde la Oficina Acelera Pyme de Asime, en colaboraci\u00f3n con Inform\u00e1tica San Benito, organizamos este curso pr\u00e1ctico dise\u00f1ado espec\u00edficamente para pymes que buscan reducir costes y mejorar su eficiencia diaria &#8230; <a title=\"Jornada Dem\u00f3straviva: Gesti\u00f3n de rutas optimizadas con IA (Gemini)\" class=\"read-more\" href=\"https:\/\/acelerapyme.asime.es\/vigo\/event\/jornada-demostraviva-gestion-de-rutas-optimizadas-con-ia-gemini\/\" aria-label=\"M\u00e1s en Jornada Dem\u00f3straviva: Gesti\u00f3n de rutas optimizadas con IA (Gemini)\">Leer m\u00e1s<\/a><\/p>\n","protected":false},"author":2,"featured_media":3781,"comment_status":"open","ping_status":"closed","template":"","meta":{"_tribe_events_status":"","_tribe_events_status_reason":"","footnotes":""},"tags":[],"tribe_events_cat":[],"class_list":["post-3778","tribe_events","type-tribe_events","status-publish","has-post-thumbnail","hentry"],"acf":[],"_links":{"self":[{"href":"https:\/\/acelerapyme.asime.es\/vigo\/wp-json\/wp\/v2\/tribe_events\/3778","targetHints":{"allow":["GET"]}}],"collection":[{"href":"https:\/\/acelerapyme.asime.es\/vigo\/wp-json\/wp\/v2\/tribe_events"}],"about":[{"href":"https:\/\/acelerapyme.asime.es\/vigo\/wp-json\/wp\/v2\/types\/tribe_events"}],"author":[{"embeddable":true,"href":"https:\/\/acelerapyme.asime.es\/vigo\/wp-json\/wp\/v2\/users\/2"}],"replies":[{"embeddable":true,"href":"https:\/\/acelerapyme.asime.es\/vigo\/wp-json\/wp\/v2\/comments?post=3778"}],"version-history":[{"count":4,"href":"https:\/\/acelerapyme.asime.es\/vigo\/wp-json\/wp\/v2\/tribe_events\/3778\/revisions"}],"predecessor-version":[{"id":3789,"href":"https:\/\/acelerapyme.asime.es\/vigo\/wp-json\/wp\/v2\/tribe_events\/3778\/revisions\/3789"}],"wp:featuredmedia":[{"embeddable":true,"href":"https:\/\/acelerapyme.asime.es\/vigo\/wp-json\/wp\/v2\/media\/3781"}],"wp:attachment":[{"href":"https:\/\/acelerapyme.asime.es\/vigo\/wp-json\/wp\/v2\/media?parent=3778"}],"wp:term":[{"taxonomy":"post_tag","embeddable":true,"href":"https:\/\/acelerapyme.asime.es\/vigo\/wp-json\/wp\/v2\/tags?post=3778"},{"taxonomy":"tribe_events_cat","embeddable":true,"href":"https:\/\/acelerapyme.asime.es\/vigo\/wp-json\/wp\/v2\/tribe_events_cat?post=3778"}],"curies":[{"name":"wp","href":"https:\/\/api.w.org\/{rel}","templated":true}]}}

Jornada Demóstraviva: Gestión de rutas optimizadas con IA (Gemini)

<p>Desde la Oficina Acelera Pyme de Asime, en colaboración con<a href="https://sanbenito.es/" target="_blank" rel="noopener"> Informática San Benito</a>, organizamos este curso práctico diseñado específicamente para pymes que buscan reducir costes y mejorar su eficiencia diaria dirigido a los miembros de ASAT Galicia.</p>
<p>En esta sesión, de la mano del experto Joaquín González, descubriremos cómo la Inteligencia Artificial de Gemini puede convertirse en tu copiloto inteligente para planificar rutas más inteligentes en menos tiempo.</p>
<p>🎯 Objetivos de la jornada</p>
<ul>
<li>Ahorro real: Reducir kilómetros innecesarios y costes operativos.</li>
<li>Productividad: Dedicar menos tiempo a la planificación y más a lo que de verdad importa: tus clientes.</li>
<li>Decisiones basadas en datos: Aprender a usar herramientas fáciles y sin complicaciones técnicas.</li>
<li>Casos prácticos: Veremos cómo pasar de una lista de paradas a una ruta optimizada en segundos.</li>
</ul>
<p><img decoding="async" class="emoji" role="img" src="https://s.w.org/images/core/emoji/17.0.2/svg/1f4c5.svg" alt="📅" /> 19 de mayo (Provisional)<br />
<img decoding="async" class="emoji" role="img" src="https://s.w.org/images/core/emoji/17.0.2/svg/1f557.svg" alt="🕗" /> 20:00 h. (Duración aproximada: 2 horas).<br />
<img decoding="async" class="emoji" role="img" src="https://s.w.org/images/core/emoji/17.0.2/svg/1f4cd.svg" alt="📍" />Presencial – <a href="https://maps.app.goo.gl/CUnW1PEV5Lgw6jan8" target="_blank" rel="noopener">Rúa do Doutor Corbal, 51, Teis, 36207 Vigo</a> (Sede Asime). Dispone de aparcamiento.</p>
<p>Esta <strong>jornada es exclusiva para asociados de ASAT Galicia</strong> (Pymes y autónomos de servicios de asistencia técnica, repartos o mantenimiento).</p>
<p>&nbsp;</p>
<p>&nbsp;</p>

<p>Desde la Oficina Acelera Pyme de Asime, en colaboración con Informática San Benito, organizamos este curso práctico diseñado específicamente para pymes que buscan reducir costes y mejorar su eficiencia diaria &#8230; <a title="Jornada Demóstraviva: Gestión de rutas optimizadas con IA (Gemini)" class="read-more" href="https://acelerapyme.asime.es/vigo/event/jornada-demostraviva-gestion-de-rutas-optimizadas-con-ia-gemini/" aria-label="Más en Jornada Demóstraviva: Gestión de rutas optimizadas con IA (Gemini)">Leer más</a></p>
