{"id":3749,"date":"2026-04-23T08:21:59","date_gmt":"2026-04-23T08:21:59","guid":{"rendered":"https:\/\/acelerapyme.asime.es\/vigo\/?post_type=tribe_events&#038;p=3749"},"modified":"2026-04-23T08:34:37","modified_gmt":"2026-04-23T08:34:37","slug":"3749","status":"publish","type":"tribe_events","link":"https:\/\/acelerapyme.asime.es\/vigo\/event\/3749\/","title":{"rendered":"Jornada informativa: Ciberseguridad para pymes y aut\u00f3nom@s"},"content":{"rendered":"<p data-path-to-node=\"6\">La <b data-path-to-node=\"3\" data-index-in-node=\"3\">Oficina Acelera Pyme Asime Vigo<\/b> organiza el d\u00eda <b data-path-to-node=\"3\" data-index-in-node=\"51\">12 de mayo<\/b>, en colaboraci\u00f3n con AMTEGA (Axencia para a Modernizaci\u00f3n Tecnol\u00f3xica de Galicia), una jornada informativa sobre <b data-path-to-node=\"3\" data-index-in-node=\"93\">Ciberseguridad para pymes: el poder de las personas<\/b>, dirigida a pymes, personas aut\u00f3nomas y emprendedoras de forma totalmente <b data-path-to-node=\"3\" data-index-in-node=\"219\">GRATUITA<\/b>.<\/p>\n<p data-path-to-node=\"4\">La sesi\u00f3n, impartida por expertos de <b data-path-to-node=\"8,0\" data-index-in-node=\"42\">Govertis (Telef\u00f3nica Tech)<\/b>, se centrar\u00e1 en concienciar sobre la importancia del factor humano en la seguridad digital y en ella se explicar\u00e1n contenidos clave como:<\/p>\n<ul>\n<li data-path-to-node=\"5,0,0\"><b data-path-to-node=\"5,0,0\" data-index-in-node=\"0\">Protecci\u00f3n del puesto de trabajo:<\/b> Seguridad en credenciales y dispositivos.<\/li>\n<li data-path-to-node=\"5,1,0\"><b data-path-to-node=\"5,1,0\" data-index-in-node=\"0\">Comunicaciones seguras:<\/b> Uso correcto del correo electr\u00f3nico y dispositivos m\u00f3viles.<\/li>\n<li data-path-to-node=\"5,2,0\"><b data-path-to-node=\"5,2,0\" data-index-in-node=\"0\">Ingenier\u00eda Social:<\/b> C\u00f3mo funcionan los procesos de manipulaci\u00f3n y enga\u00f1o.<\/li>\n<li data-path-to-node=\"5,3,0\"><b data-path-to-node=\"5,3,0\" data-index-in-node=\"0\">Phishing:<\/b> Identificaci\u00f3n de ataques, impactos y tipos de modalidades.<\/li>\n<li data-path-to-node=\"5,4,0\"><b data-path-to-node=\"5,4,0\" data-index-in-node=\"0\">Detecci\u00f3n de Malware:<\/b> C\u00f3mo prevenir infecciones en los sistemas de la empresa.<\/li>\n<li data-path-to-node=\"5,5,0\"><b data-path-to-node=\"5,5,0\" data-index-in-node=\"0\">Buenas pr\u00e1cticas:<\/b> Pautas y consejos para aplicar en el entorno corporativo y personal.<\/li>\n<\/ul>\n<p>\u00a1Te esperamos!<\/p>\n<p>\ud83d\udcc5 12 de mayo<br \/>\n\ud83d\udd57 20:00 h. (Duraci\u00f3n aproximada: 2 horas).<br \/>\n\ud83d\udccd Presencial \u2013 <a href=\"https:\/\/maps.app.goo.gl\/CUnW1PEV5Lgw6jan8\" target=\"_blank\" rel=\"noopener\">R\u00faa do Doutor Corbal, 51, Teis, 36207 Vigo<\/a> (Sede Asime). Dispone de aparcamiento.<\/p>\n<p>Inscr\u00edbete aqu\u00ed: <a href=\"https:\/\/zfrmz.com\/pyY9Nmh4yN2FKyr9KPTw\" target=\"_blank\" rel=\"noopener\">https:\/\/zfrmz.com\/pyY9Nmh4yN2FKyr9KPTw<\/a><\/p>\n<p>&nbsp;<\/p>\n<p>*<em>Por motivos organizativos o de fuerza mayor, el horario, la ubicaci\u00f3n o el formato del evento podr\u00e1n sufrir modificaciones, que se comunicar\u00e1n con la debida antelaci\u00f3n.<\/em><\/p>\n","protected":false},"excerpt":{"rendered":"<p>La Oficina Acelera Pyme Asime Vigo organiza el d\u00eda 12 de mayo, en colaboraci\u00f3n con AMTEGA (Axencia para a Modernizaci\u00f3n Tecnol\u00f3xica de Galicia), una jornada informativa sobre Ciberseguridad para pymes: &#8230; <a title=\"Jornada informativa: Ciberseguridad para pymes y aut\u00f3nom@s\" class=\"read-more\" href=\"https:\/\/acelerapyme.asime.es\/vigo\/event\/3749\/\" aria-label=\"M\u00e1s en Jornada informativa: Ciberseguridad para pymes y aut\u00f3nom@s\">Leer m\u00e1s<\/a><\/p>\n","protected":false},"author":2,"featured_media":3752,"comment_status":"open","ping_status":"closed","template":"","meta":{"_tribe_events_status":"","_tribe_events_status_reason":"","footnotes":""},"tags":[],"tribe_events_cat":[],"class_list":["post-3749","tribe_events","type-tribe_events","status-publish","has-post-thumbnail","hentry"],"acf":[],"_links":{"self":[{"href":"https:\/\/acelerapyme.asime.es\/vigo\/wp-json\/wp\/v2\/tribe_events\/3749","targetHints":{"allow":["GET"]}}],"collection":[{"href":"https:\/\/acelerapyme.asime.es\/vigo\/wp-json\/wp\/v2\/tribe_events"}],"about":[{"href":"https:\/\/acelerapyme.asime.es\/vigo\/wp-json\/wp\/v2\/types\/tribe_events"}],"author":[{"embeddable":true,"href":"https:\/\/acelerapyme.asime.es\/vigo\/wp-json\/wp\/v2\/users\/2"}],"replies":[{"embeddable":true,"href":"https:\/\/acelerapyme.asime.es\/vigo\/wp-json\/wp\/v2\/comments?post=3749"}],"version-history":[{"count":6,"href":"https:\/\/acelerapyme.asime.es\/vigo\/wp-json\/wp\/v2\/tribe_events\/3749\/revisions"}],"predecessor-version":[{"id":3756,"href":"https:\/\/acelerapyme.asime.es\/vigo\/wp-json\/wp\/v2\/tribe_events\/3749\/revisions\/3756"}],"wp:featuredmedia":[{"embeddable":true,"href":"https:\/\/acelerapyme.asime.es\/vigo\/wp-json\/wp\/v2\/media\/3752"}],"wp:attachment":[{"href":"https:\/\/acelerapyme.asime.es\/vigo\/wp-json\/wp\/v2\/media?parent=3749"}],"wp:term":[{"taxonomy":"post_tag","embeddable":true,"href":"https:\/\/acelerapyme.asime.es\/vigo\/wp-json\/wp\/v2\/tags?post=3749"},{"taxonomy":"tribe_events_cat","embeddable":true,"href":"https:\/\/acelerapyme.asime.es\/vigo\/wp-json\/wp\/v2\/tribe_events_cat?post=3749"}],"curies":[{"name":"wp","href":"https:\/\/api.w.org\/{rel}","templated":true}]}}

Jornada informativa: Ciberseguridad para pymes y autónom@s

<p data-path-to-node="6">La <b data-path-to-node="3" data-index-in-node="3">Oficina Acelera Pyme Asime Vigo</b> organiza el día <b data-path-to-node="3" data-index-in-node="51">12 de mayo</b>, en colaboración con AMTEGA (Axencia para a Modernización Tecnolóxica de Galicia), una jornada informativa sobre <b data-path-to-node="3" data-index-in-node="93">Ciberseguridad para pymes: el poder de las personas</b>, dirigida a pymes, personas autónomas y emprendedoras de forma totalmente <b data-path-to-node="3" data-index-in-node="219">GRATUITA</b>.</p>
<p data-path-to-node="4">La sesión, impartida por expertos de <b data-path-to-node="8,0" data-index-in-node="42">Govertis (Telefónica Tech)</b>, se centrará en concienciar sobre la importancia del factor humano en la seguridad digital y en ella se explicarán contenidos clave como:</p>
<ul>
<li data-path-to-node="5,0,0"><b data-path-to-node="5,0,0" data-index-in-node="0">Protección del puesto de trabajo:</b> Seguridad en credenciales y dispositivos.</li>
<li data-path-to-node="5,1,0"><b data-path-to-node="5,1,0" data-index-in-node="0">Comunicaciones seguras:</b> Uso correcto del correo electrónico y dispositivos móviles.</li>
<li data-path-to-node="5,2,0"><b data-path-to-node="5,2,0" data-index-in-node="0">Ingeniería Social:</b> Cómo funcionan los procesos de manipulación y engaño.</li>
<li data-path-to-node="5,3,0"><b data-path-to-node="5,3,0" data-index-in-node="0">Phishing:</b> Identificación de ataques, impactos y tipos de modalidades.</li>
<li data-path-to-node="5,4,0"><b data-path-to-node="5,4,0" data-index-in-node="0">Detección de Malware:</b> Cómo prevenir infecciones en los sistemas de la empresa.</li>
<li data-path-to-node="5,5,0"><b data-path-to-node="5,5,0" data-index-in-node="0">Buenas prácticas:</b> Pautas y consejos para aplicar en el entorno corporativo y personal.</li>
</ul>
<p>¡Te esperamos!</p>
<p>📅 12 de mayo<br />
🕗 20:00 h. (Duración aproximada: 2 horas).<br />
📍 Presencial – <a href="https://maps.app.goo.gl/CUnW1PEV5Lgw6jan8" target="_blank" rel="noopener">Rúa do Doutor Corbal, 51, Teis, 36207 Vigo</a> (Sede Asime). Dispone de aparcamiento.</p>
<p>Inscríbete aquí: <a href="https://zfrmz.com/pyY9Nmh4yN2FKyr9KPTw" target="_blank" rel="noopener">https://zfrmz.com/pyY9Nmh4yN2FKyr9KPTw</a></p>
<p>&nbsp;</p>
<p>*<em>Por motivos organizativos o de fuerza mayor, el horario, la ubicación o el formato del evento podrán sufrir modificaciones, que se comunicarán con la debida antelación.</em></p>

<p>La Oficina Acelera Pyme Asime Vigo organiza el día 12 de mayo, en colaboración con AMTEGA (Axencia para a Modernización Tecnolóxica de Galicia), una jornada informativa sobre Ciberseguridad para pymes: &#8230; <a title="Jornada informativa: Ciberseguridad para pymes y autónom@s" class="read-more" href="https://acelerapyme.asime.es/vigo/event/3749/" aria-label="Más en Jornada informativa: Ciberseguridad para pymes y autónom@s">Leer más</a></p>
