{"id":792,"date":"2023-03-03T15:01:37","date_gmt":"2023-03-03T15:01:37","guid":{"rendered":"https:\/\/acelerapyme.asime.es\/coruna\/?post_type=tribe_events&#038;p=792"},"modified":"2023-04-11T11:46:52","modified_gmt":"2023-04-11T11:46:52","slug":"como-digitalizar-una-empresa-y-no-morir-en-el-intento","status":"publish","type":"tribe_events","link":"https:\/\/acelerapyme.asime.es\/coruna\/evento\/como-digitalizar-una-empresa-y-no-morir-en-el-intento\/","title":{"rendered":"C\u00f3mo digitalizar una empresa y no morir en el intento"},"content":{"rendered":"<p>Te presentamos el evento tecnol\u00f3gico: <strong>C\u00f3mo digitalizar una empresa y no morir en el intento<\/strong>, promovido por la <strong>Oficina Acelera Pyme Rural de A Coru\u00f1a<\/strong> en colaboraci\u00f3n con el equipo de expertos de <strong>Socios Digitales<\/strong>.<\/p>\n<p>La jornada se celebrar\u00e1 el pr\u00f3ximo <strong>31 de marzo<\/strong> en la <strong>Sala Azul del edificio Liceo del Concello de Betanzos a las 11.00 horas<\/strong>. El encuentro brindar\u00e1 la oportunidad a todos los emprendedores, aut\u00f3nomos, peque\u00f1as y medianas empresas de la provincia coru\u00f1esa, conocer de primera mano soluciones digitales para ejecutar proyectos transformaci\u00f3n digital en los negocios de manera exitosa.<\/p>\n<h3><\/h3>\n<h3><strong><span style=\"color: #1165ad\">Programa<\/span><\/strong><\/h3>\n<p>11:00- 11.10hs Bienvenida<\/p>\n<ul>\n<li><strong>Cheryll Stonestreet<\/strong>, T\u00e9cnica OAPR Coru\u00f1a, ASIME<\/li>\n<\/ul>\n<p><strong>\u00a0<\/strong>11:10- 12.30hs Presentaci\u00f3n: C\u00f3mo digitalizar una empresa y no morir en el intento<\/p>\n<ul>\n<li><strong>Roberto Alonso<\/strong>, Director, Expert Team\n<ul>\n<li><strong>La transformaci\u00f3n<\/strong><\/li>\n<\/ul>\n<\/li>\n<li><strong>Hugo Fraga<\/strong>, Director, Hyliacom\n<ul>\n<li><strong>Marketing digital<\/strong><\/li>\n<\/ul>\n<\/li>\n<li><strong>Rafa Villaverde<\/strong>, Presidente, Cloud.gal\n<ul>\n<li><strong>Ciberseguridad y servicios Cloud<\/strong><\/li>\n<\/ul>\n<\/li>\n<li><strong>Anxo Mourelle<\/strong>, Gerente, I3TE\n<ul>\n<li><strong>Digitalizaci\u00f3n industrial<\/strong><\/li>\n<\/ul>\n<\/li>\n<li><strong>Roberto Alonso.<\/strong>\n<ul>\n<li><strong>Gesti\u00f3n de subvenciones, kit digital y los retos jur\u00eddicos de la digitalizaci\u00f3n<\/strong><\/li>\n<\/ul>\n<\/li>\n<\/ul>\n<p><strong>\u00a0<\/strong>12:30- 12.40hs Preguntas<\/p>\n<p>12:40- 12.45hs Clausura<\/p>\n<ul>\n<li><strong>Cheryll Stonestreet<\/strong>, T\u00e9cnica OAPR Coru\u00f1a, ASIME<\/li>\n<\/ul>\n<p>&nbsp;<\/p>\n<h3><strong><span style=\"color: #1165ad\">Inscripci\u00f3n\u00a0<\/span><\/strong><\/h3>\n<p><strong>El encuentro se celebrar\u00e1 de manera virtual a trav\u00e9s de la plataforma de Microsoft Teams.<\/strong><\/p>\n<p>Las empresas y aut\u00f3nomos que deseen asistir, pueden inscribirse a trav\u00e9s del <a href=\"https:\/\/zfrmz.com\/jzmhaXAZN98Yuhc4XxjP\" target=\"_blank\" rel=\"noopener\"><strong>formulario de registro.<\/strong><\/a><\/p>\n<p><strong><a href=\"https:\/\/acelerapyme.asime.es\/coruna\/wp-content\/uploads\/sites\/2\/2023\/03\/programa-evento-digitalizar-y-no-morir-en-el-intento_31-3-2023.pdf\" target=\"_blank\" rel=\"noopener\">Descarga el programa completo<\/a><\/strong><\/p>\n","protected":false},"excerpt":{"rendered":"<p>Te presentamos el evento tecnol\u00f3gico: C\u00f3mo digitalizar una empresa y no morir en el intento, promovido por la Oficina Acelera Pyme Rural de A Coru\u00f1a en colaboraci\u00f3n con el equipo &#8230; <a title=\"C\u00f3mo digitalizar una empresa y no morir en el intento\" class=\"read-more\" href=\"https:\/\/acelerapyme.asime.es\/coruna\/evento\/como-digitalizar-una-empresa-y-no-morir-en-el-intento\/\" aria-label=\"M\u00e1s en C\u00f3mo digitalizar una empresa y no morir en el intento\">Leer m\u00e1s<\/a><\/p>\n","protected":false},"author":2,"featured_media":799,"comment_status":"open","ping_status":"closed","template":"","meta":{"_tribe_events_status":"","_tribe_events_status_reason":"","footnotes":""},"tags":[],"tribe_events_cat":[],"class_list":["post-792","tribe_events","type-tribe_events","status-publish","has-post-thumbnail","hentry"],"acf":[],"_links":{"self":[{"href":"https:\/\/acelerapyme.asime.es\/coruna\/wp-json\/wp\/v2\/tribe_events\/792","targetHints":{"allow":["GET"]}}],"collection":[{"href":"https:\/\/acelerapyme.asime.es\/coruna\/wp-json\/wp\/v2\/tribe_events"}],"about":[{"href":"https:\/\/acelerapyme.asime.es\/coruna\/wp-json\/wp\/v2\/types\/tribe_events"}],"author":[{"embeddable":true,"href":"https:\/\/acelerapyme.asime.es\/coruna\/wp-json\/wp\/v2\/users\/2"}],"replies":[{"embeddable":true,"href":"https:\/\/acelerapyme.asime.es\/coruna\/wp-json\/wp\/v2\/comments?post=792"}],"version-history":[{"count":7,"href":"https:\/\/acelerapyme.asime.es\/coruna\/wp-json\/wp\/v2\/tribe_events\/792\/revisions"}],"predecessor-version":[{"id":803,"href":"https:\/\/acelerapyme.asime.es\/coruna\/wp-json\/wp\/v2\/tribe_events\/792\/revisions\/803"}],"wp:featuredmedia":[{"embeddable":true,"href":"https:\/\/acelerapyme.asime.es\/coruna\/wp-json\/wp\/v2\/media\/799"}],"wp:attachment":[{"href":"https:\/\/acelerapyme.asime.es\/coruna\/wp-json\/wp\/v2\/media?parent=792"}],"wp:term":[{"taxonomy":"post_tag","embeddable":true,"href":"https:\/\/acelerapyme.asime.es\/coruna\/wp-json\/wp\/v2\/tags?post=792"},{"taxonomy":"tribe_events_cat","embeddable":true,"href":"https:\/\/acelerapyme.asime.es\/coruna\/wp-json\/wp\/v2\/tribe_events_cat?post=792"}],"curies":[{"name":"wp","href":"https:\/\/api.w.org\/{rel}","templated":true}]}}

Cómo digitalizar una empresa y no morir en el intento

<p>Te presentamos el evento tecnológico: <strong>Cómo digitalizar una empresa y no morir en el intento</strong>, promovido por la <strong>Oficina Acelera Pyme Rural de A Coruña</strong> en colaboración con el equipo de expertos de <strong>Socios Digitales</strong>.</p>
<p>La jornada se celebrará el próximo <strong>31 de marzo</strong> en la <strong>Sala Azul del edificio Liceo del Concello de Betanzos a las 11.00 horas</strong>. El encuentro brindará la oportunidad a todos los emprendedores, autónomos, pequeñas y medianas empresas de la provincia coruñesa, conocer de primera mano soluciones digitales para ejecutar proyectos transformación digital en los negocios de manera exitosa.</p>
<h3></h3>
<h3><strong><span style="color: #1165ad">Programa</span></strong></h3>
<p>11:00- 11.10hs Bienvenida</p>
<ul>
<li><strong>Cheryll Stonestreet</strong>, Técnica OAPR Coruña, ASIME</li>
</ul>
<p><strong> </strong>11:10- 12.30hs Presentación: Cómo digitalizar una empresa y no morir en el intento</p>
<ul>
<li><strong>Roberto Alonso</strong>, Director, Expert Team
<ul>
<li><strong>La transformación</strong></li>
</ul>
</li>
<li><strong>Hugo Fraga</strong>, Director, Hyliacom
<ul>
<li><strong>Marketing digital</strong></li>
</ul>
</li>
<li><strong>Rafa Villaverde</strong>, Presidente, Cloud.gal
<ul>
<li><strong>Ciberseguridad y servicios Cloud</strong></li>
</ul>
</li>
<li><strong>Anxo Mourelle</strong>, Gerente, I3TE
<ul>
<li><strong>Digitalización industrial</strong></li>
</ul>
</li>
<li><strong>Roberto Alonso.</strong>
<ul>
<li><strong>Gestión de subvenciones, kit digital y los retos jurídicos de la digitalización</strong></li>
</ul>
</li>
</ul>
<p><strong> </strong>12:30- 12.40hs Preguntas</p>
<p>12:40- 12.45hs Clausura</p>
<ul>
<li><strong>Cheryll Stonestreet</strong>, Técnica OAPR Coruña, ASIME</li>
</ul>
<p>&nbsp;</p>
<h3><strong><span style="color: #1165ad">Inscripción </span></strong></h3>
<p><strong>El encuentro se celebrará de manera virtual a través de la plataforma de Microsoft Teams.</strong></p>
<p>Las empresas y autónomos que deseen asistir, pueden inscribirse a través del <a href="https://zfrmz.com/jzmhaXAZN98Yuhc4XxjP" target="_blank" rel="noopener"><strong>formulario de registro.</strong></a></p>
<p><strong><a href="https://acelerapyme.asime.es/coruna/wp-content/uploads/sites/2/2023/03/programa-evento-digitalizar-y-no-morir-en-el-intento_31-3-2023.pdf" target="_blank" rel="noopener">Descarga el programa completo</a></strong></p>

<p>Te presentamos el evento tecnológico: Cómo digitalizar una empresa y no morir en el intento, promovido por la Oficina Acelera Pyme Rural de A Coruña en colaboración con el equipo &#8230; <a title="Cómo digitalizar una empresa y no morir en el intento" class="read-more" href="https://acelerapyme.asime.es/coruna/evento/como-digitalizar-una-empresa-y-no-morir-en-el-intento/" aria-label="Más en Cómo digitalizar una empresa y no morir en el intento">Leer más</a></p>
