{"id":785,"date":"2023-03-02T16:08:49","date_gmt":"2023-03-02T16:08:49","guid":{"rendered":"https:\/\/acelerapyme.asime.es\/coruna\/?post_type=tribe_events&#038;p=785"},"modified":"2023-03-23T12:41:23","modified_gmt":"2023-03-23T12:41:23","slug":"bpm-como-implementarlo-en-tu-pyme","status":"publish","type":"tribe_events","link":"https:\/\/acelerapyme.asime.es\/coruna\/evento\/bpm-como-implementarlo-en-tu-pyme\/","title":{"rendered":"BPM: Automatizaci\u00f3n de procesos de negocio"},"content":{"rendered":"<p>Desde la Oficina Acelera Pyme de Asime en A Coru\u00f1a queremos invitarte a participar de un evento para pymes que se celebrar\u00e1 el pr\u00f3ximo 23 de marzo a las 11.00 horas. Podr\u00e1s seguir la jornada por videoconferencia desde la plataforma Microsoft Teams gratuitamente.<\/p>\n<p>En el webinar estar\u00e1n presentes expertos que explicar\u00e1n c\u00f3mo la tecnolog\u00eda BPM (Business Process Management) puede ayudarte en la transformaci\u00f3n digital de tu negocio y c\u00f3mo puedes aprovechar sus bondades para hacer que tu empresa sea m\u00e1s competitiva, firme y eficiente.<\/p>\n<h3><strong><span style=\"color: #1165ad\">Programa<\/span><\/strong><\/h3>\n<p>11:00- 11.10hs Bienvenida<\/p>\n<ul>\n<li><strong>Cheryll Stonestreet<\/strong>, T\u00e9cnica OAPR Coru\u00f1a, ASIME<\/li>\n<\/ul>\n<p>11:15- 12.30hs BPM: C\u00f3mo implementarlo en tu pyme<\/p>\n<ul>\n<li><strong>Oscar Esteban Pastor<\/strong>, desarrollo de Negocio, PfsGrupo<\/li>\n<\/ul>\n<ul>\n<li><strong>Pablo Sierra Rodr\u00edguez<\/strong>, director de desarrollo de Producto, PfsGrupo\n<ul>\n<li>Principales objetivos del BPM<\/li>\n<li>Business Process Management y sus beneficios<\/li>\n<li>Integraci\u00f3n con soluciones existentes<\/li>\n<li>Implementaci\u00f3n<\/li>\n<li>Soluciones<\/li>\n<\/ul>\n<\/li>\n<\/ul>\n<p>12:30- 12.40hs Preguntas<\/p>\n<p>12:40- 12.45hs Clausura<\/p>\n<ul>\n<li><strong>Cheryll Stonestreet<\/strong>, T\u00e9cnica OAPR Coru\u00f1a, ASIME<\/li>\n<\/ul>\n<h3><strong><span style=\"color: #1165ad\">Inscripci\u00f3n\u00a0<\/span><\/strong><\/h3>\n<p><strong>El encuentro se celebrar\u00e1 de manera virtual a trav\u00e9s de la plataforma de Microsoft Teams.<\/strong><\/p>\n<p>Las empresas que deseen asistir, pueden inscribirse a trav\u00e9s del <strong><a href=\"https:\/\/zfrmz.com\/X2JUWnq39f06UnjRgvyW\" target=\"_blank\" rel=\"noopener\">formulario de registro.<\/a><\/strong><\/p>\n<p><strong><a href=\"https:\/\/acelerapyme.asime.es\/coruna\/wp-content\/uploads\/sites\/2\/2023\/03\/Programa_BPM_23-3-23-1.pdf\">Descarga el programa completo<\/a><\/strong><\/p>\n","protected":false},"excerpt":{"rendered":"<p>Desde la Oficina Acelera Pyme de Asime en A Coru\u00f1a queremos invitarte a participar de un evento para pymes que se celebrar\u00e1 el pr\u00f3ximo 23 de marzo a las 11.00 &#8230; <a title=\"BPM: Automatizaci\u00f3n de procesos de negocio\" class=\"read-more\" href=\"https:\/\/acelerapyme.asime.es\/coruna\/evento\/bpm-como-implementarlo-en-tu-pyme\/\" aria-label=\"M\u00e1s en BPM: Automatizaci\u00f3n de procesos de negocio\">Leer m\u00e1s<\/a><\/p>\n","protected":false},"author":2,"featured_media":818,"comment_status":"open","ping_status":"closed","template":"","meta":{"_tribe_events_status":"","_tribe_events_status_reason":"","footnotes":""},"tags":[],"tribe_events_cat":[],"class_list":["post-785","tribe_events","type-tribe_events","status-publish","has-post-thumbnail","hentry"],"acf":[],"_links":{"self":[{"href":"https:\/\/acelerapyme.asime.es\/coruna\/wp-json\/wp\/v2\/tribe_events\/785","targetHints":{"allow":["GET"]}}],"collection":[{"href":"https:\/\/acelerapyme.asime.es\/coruna\/wp-json\/wp\/v2\/tribe_events"}],"about":[{"href":"https:\/\/acelerapyme.asime.es\/coruna\/wp-json\/wp\/v2\/types\/tribe_events"}],"author":[{"embeddable":true,"href":"https:\/\/acelerapyme.asime.es\/coruna\/wp-json\/wp\/v2\/users\/2"}],"replies":[{"embeddable":true,"href":"https:\/\/acelerapyme.asime.es\/coruna\/wp-json\/wp\/v2\/comments?post=785"}],"version-history":[{"count":7,"href":"https:\/\/acelerapyme.asime.es\/coruna\/wp-json\/wp\/v2\/tribe_events\/785\/revisions"}],"predecessor-version":[{"id":833,"href":"https:\/\/acelerapyme.asime.es\/coruna\/wp-json\/wp\/v2\/tribe_events\/785\/revisions\/833"}],"wp:featuredmedia":[{"embeddable":true,"href":"https:\/\/acelerapyme.asime.es\/coruna\/wp-json\/wp\/v2\/media\/818"}],"wp:attachment":[{"href":"https:\/\/acelerapyme.asime.es\/coruna\/wp-json\/wp\/v2\/media?parent=785"}],"wp:term":[{"taxonomy":"post_tag","embeddable":true,"href":"https:\/\/acelerapyme.asime.es\/coruna\/wp-json\/wp\/v2\/tags?post=785"},{"taxonomy":"tribe_events_cat","embeddable":true,"href":"https:\/\/acelerapyme.asime.es\/coruna\/wp-json\/wp\/v2\/tribe_events_cat?post=785"}],"curies":[{"name":"wp","href":"https:\/\/api.w.org\/{rel}","templated":true}]}}

BPM: Automatización de procesos de negocio

<p>Desde la Oficina Acelera Pyme de Asime en A Coruña queremos invitarte a participar de un evento para pymes que se celebrará el próximo 23 de marzo a las 11.00 horas. Podrás seguir la jornada por videoconferencia desde la plataforma Microsoft Teams gratuitamente.</p>
<p>En el webinar estarán presentes expertos que explicarán cómo la tecnología BPM (Business Process Management) puede ayudarte en la transformación digital de tu negocio y cómo puedes aprovechar sus bondades para hacer que tu empresa sea más competitiva, firme y eficiente.</p>
<h3><strong><span style="color: #1165ad">Programa</span></strong></h3>
<p>11:00- 11.10hs Bienvenida</p>
<ul>
<li><strong>Cheryll Stonestreet</strong>, Técnica OAPR Coruña, ASIME</li>
</ul>
<p>11:15- 12.30hs BPM: Cómo implementarlo en tu pyme</p>
<ul>
<li><strong>Oscar Esteban Pastor</strong>, desarrollo de Negocio, PfsGrupo</li>
</ul>
<ul>
<li><strong>Pablo Sierra Rodríguez</strong>, director de desarrollo de Producto, PfsGrupo
<ul>
<li>Principales objetivos del BPM</li>
<li>Business Process Management y sus beneficios</li>
<li>Integración con soluciones existentes</li>
<li>Implementación</li>
<li>Soluciones</li>
</ul>
</li>
</ul>
<p>12:30- 12.40hs Preguntas</p>
<p>12:40- 12.45hs Clausura</p>
<ul>
<li><strong>Cheryll Stonestreet</strong>, Técnica OAPR Coruña, ASIME</li>
</ul>
<h3><strong><span style="color: #1165ad">Inscripción </span></strong></h3>
<p><strong>El encuentro se celebrará de manera virtual a través de la plataforma de Microsoft Teams.</strong></p>
<p>Las empresas que deseen asistir, pueden inscribirse a través del <strong><a href="https://zfrmz.com/X2JUWnq39f06UnjRgvyW" target="_blank" rel="noopener">formulario de registro.</a></strong></p>
<p><strong><a href="https://acelerapyme.asime.es/coruna/wp-content/uploads/sites/2/2023/03/Programa_BPM_23-3-23-1.pdf">Descarga el programa completo</a></strong></p>

<p>Desde la Oficina Acelera Pyme de Asime en A Coruña queremos invitarte a participar de un evento para pymes que se celebrará el próximo 23 de marzo a las 11.00 &#8230; <a title="BPM: Automatización de procesos de negocio" class="read-more" href="https://acelerapyme.asime.es/coruna/evento/bpm-como-implementarlo-en-tu-pyme/" aria-label="Más en BPM: Automatización de procesos de negocio">Leer más</a></p>
