{"id":750,"date":"2023-02-17T09:14:03","date_gmt":"2023-02-17T09:14:03","guid":{"rendered":"https:\/\/acelerapyme.asime.es\/coruna\/?post_type=tribe_events&#038;p=750"},"modified":"2023-03-09T10:22:20","modified_gmt":"2023-03-09T10:22:20","slug":"crm-el-software-para-la-gestion-de-clientes","status":"publish","type":"tribe_events","link":"https:\/\/acelerapyme.asime.es\/coruna\/evento\/crm-el-software-para-la-gestion-de-clientes\/","title":{"rendered":"CRM: El software para la gesti\u00f3n de clientes"},"content":{"rendered":"<p>Nos complace invitarte al pr\u00f3ximo evento: <strong>CRM: El software para la gesti\u00f3n de clientes, <\/strong>organizado por la Oficina Acelera Pyme Rural de A Coru\u00f1a, que celebraremos en modo online el pr\u00f3ximo <strong>martes 28 de febrero de 2023 <\/strong>a las<strong> 11:00 hs.<\/strong><\/p>\n<p>El webinar, que contar\u00e1 con la participaci\u00f3n de <strong>Javier Barrio Calle, <\/strong>CEO en Czentric Solutions y <strong>Enrique de la Puente <\/strong>experto en <strong>CRM<\/strong> mostrar\u00e1 los principales beneficios del uso de los sistemas CRM en las peque\u00f1as y medianas empresas.<\/p>\n<p>El <strong>encuentro online<\/strong> te brindar\u00e1 la oportunidad de evaluar las <strong>necesidades reales de tu pyme<\/strong> y conocer como adaptar una soluci\u00f3n digital a tu negocio que te permita tener un aliado en la toma de decisiones, te ayude a incrementar el n\u00famero de tus ventas y mejorar tu servicio de atenci\u00f3n de tus clientes.<\/p>\n<h3><strong><span style=\"color: #1165ad\">Contenidos<\/span><\/strong><\/h3>\n<ul>\n<li>La transformaci\u00f3n digital para el desarrollo de negocio en las pymes<\/li>\n<li>Beneficios de un CRM<\/li>\n<li>Presentaci\u00f3n y demo de Salesforce<\/li>\n<li>Pasos para abordar su implantaci\u00f3n exitosa<\/li>\n<li>Preguntas<\/li>\n<\/ul>\n<p>Las empresas asistentes podr\u00e1n plantear sus dudas en la sesi\u00f3n informativa, para ser resueltas por nuestros ponentes expertos.<\/p>\n<h3><strong><span style=\"color: #1165ad\">Programa<\/span><\/strong><\/h3>\n<p>11:00- 11:10hs Bienvenida<\/p>\n<ul>\n<li><strong>Cheryll Stonestreet<\/strong>, T\u00e9cnica OAPR Coru\u00f1a, ASIME<\/li>\n<\/ul>\n<p>11:15- 12:30hs Presentaci\u00f3n de CRM: El software para la gesti\u00f3n de clientes<\/p>\n<ul>\n<li><strong>Javier Barrio Calle, <\/strong>CEO, Czentric Solutions<\/li>\n<li><strong>Enrique De La Puente, <\/strong>Director Experto Salesforce, Czentric Solutions<\/li>\n<\/ul>\n<p>12:30- 12:40hs Preguntas<\/p>\n<p>12:40- 12:45hs Clausura<\/p>\n<ul>\n<li><strong>Cheryll Stonestreet,<\/strong> T\u00e9cnica OAPR Coru\u00f1a, ASIME<\/li>\n<\/ul>\n<h3><strong><span style=\"color: #1165ad\">Inscripci\u00f3n\u00a0<\/span><\/strong><\/h3>\n<p><strong>El encuentro se celebrar\u00e1 de manera virtual a trav\u00e9s de la plataforma de Microsoft Teams.<\/strong><\/p>\n<p>Las empresas y aut\u00f3nomos que deseen asistir, pueden inscribirse a trav\u00e9s del <a href=\"https:\/\/zfrmz.com\/pDKgJr7UiZAsHDRKuCO6\" target=\"_blank\" rel=\"noopener\"><strong>formulario de registro.<\/strong><\/a><\/p>\n<p><strong><a href=\"https:\/\/acelerapyme.asime.es\/coruna\/wp-content\/uploads\/sites\/2\/2023\/02\/programa-evento-crm_28-2-2023-1.pdf\" target=\"_blank\" rel=\"noopener\">Descarga el programa completo<\/a><\/strong><\/p>\n","protected":false},"excerpt":{"rendered":"<p>Nos complace invitarte al pr\u00f3ximo evento: CRM: El software para la gesti\u00f3n de clientes, organizado por la Oficina Acelera Pyme Rural de A Coru\u00f1a, que celebraremos en modo online el &#8230; <a title=\"CRM: El software para la gesti\u00f3n de clientes\" class=\"read-more\" href=\"https:\/\/acelerapyme.asime.es\/coruna\/evento\/crm-el-software-para-la-gestion-de-clientes\/\" aria-label=\"M\u00e1s en CRM: El software para la gesti\u00f3n de clientes\">Leer m\u00e1s<\/a><\/p>\n","protected":false},"author":2,"featured_media":758,"comment_status":"open","ping_status":"closed","template":"","meta":{"_tribe_events_status":"","_tribe_events_status_reason":"","footnotes":""},"tags":[60,57,61,58,23,59],"tribe_events_cat":[],"class_list":["post-750","tribe_events","type-tribe_events","status-publish","has-post-thumbnail","hentry","tag-clientes","tag-crm","tag-empresas","tag-evento","tag-pyme","tag-webinar"],"acf":[],"_links":{"self":[{"href":"https:\/\/acelerapyme.asime.es\/coruna\/wp-json\/wp\/v2\/tribe_events\/750","targetHints":{"allow":["GET"]}}],"collection":[{"href":"https:\/\/acelerapyme.asime.es\/coruna\/wp-json\/wp\/v2\/tribe_events"}],"about":[{"href":"https:\/\/acelerapyme.asime.es\/coruna\/wp-json\/wp\/v2\/types\/tribe_events"}],"author":[{"embeddable":true,"href":"https:\/\/acelerapyme.asime.es\/coruna\/wp-json\/wp\/v2\/users\/2"}],"replies":[{"embeddable":true,"href":"https:\/\/acelerapyme.asime.es\/coruna\/wp-json\/wp\/v2\/comments?post=750"}],"version-history":[{"count":7,"href":"https:\/\/acelerapyme.asime.es\/coruna\/wp-json\/wp\/v2\/tribe_events\/750\/revisions"}],"predecessor-version":[{"id":824,"href":"https:\/\/acelerapyme.asime.es\/coruna\/wp-json\/wp\/v2\/tribe_events\/750\/revisions\/824"}],"wp:featuredmedia":[{"embeddable":true,"href":"https:\/\/acelerapyme.asime.es\/coruna\/wp-json\/wp\/v2\/media\/758"}],"wp:attachment":[{"href":"https:\/\/acelerapyme.asime.es\/coruna\/wp-json\/wp\/v2\/media?parent=750"}],"wp:term":[{"taxonomy":"post_tag","embeddable":true,"href":"https:\/\/acelerapyme.asime.es\/coruna\/wp-json\/wp\/v2\/tags?post=750"},{"taxonomy":"tribe_events_cat","embeddable":true,"href":"https:\/\/acelerapyme.asime.es\/coruna\/wp-json\/wp\/v2\/tribe_events_cat?post=750"}],"curies":[{"name":"wp","href":"https:\/\/api.w.org\/{rel}","templated":true}]}}

CRM: El software para la gestión de clientes

<p>Nos complace invitarte al próximo evento: <strong>CRM: El software para la gestión de clientes, </strong>organizado por la Oficina Acelera Pyme Rural de A Coruña, que celebraremos en modo online el próximo <strong>martes 28 de febrero de 2023 </strong>a las<strong> 11:00 hs.</strong></p>
<p>El webinar, que contará con la participación de <strong>Javier Barrio Calle, </strong>CEO en Czentric Solutions y <strong>Enrique de la Puente </strong>experto en <strong>CRM</strong> mostrará los principales beneficios del uso de los sistemas CRM en las pequeñas y medianas empresas.</p>
<p>El <strong>encuentro online</strong> te brindará la oportunidad de evaluar las <strong>necesidades reales de tu pyme</strong> y conocer como adaptar una solución digital a tu negocio que te permita tener un aliado en la toma de decisiones, te ayude a incrementar el número de tus ventas y mejorar tu servicio de atención de tus clientes.</p>
<h3><strong><span style="color: #1165ad">Contenidos</span></strong></h3>
<ul>
<li>La transformación digital para el desarrollo de negocio en las pymes</li>
<li>Beneficios de un CRM</li>
<li>Presentación y demo de Salesforce</li>
<li>Pasos para abordar su implantación exitosa</li>
<li>Preguntas</li>
</ul>
<p>Las empresas asistentes podrán plantear sus dudas en la sesión informativa, para ser resueltas por nuestros ponentes expertos.</p>
<h3><strong><span style="color: #1165ad">Programa</span></strong></h3>
<p>11:00- 11:10hs Bienvenida</p>
<ul>
<li><strong>Cheryll Stonestreet</strong>, Técnica OAPR Coruña, ASIME</li>
</ul>
<p>11:15- 12:30hs Presentación de CRM: El software para la gestión de clientes</p>
<ul>
<li><strong>Javier Barrio Calle, </strong>CEO, Czentric Solutions</li>
<li><strong>Enrique De La Puente, </strong>Director Experto Salesforce, Czentric Solutions</li>
</ul>
<p>12:30- 12:40hs Preguntas</p>
<p>12:40- 12:45hs Clausura</p>
<ul>
<li><strong>Cheryll Stonestreet,</strong> Técnica OAPR Coruña, ASIME</li>
</ul>
<h3><strong><span style="color: #1165ad">Inscripción </span></strong></h3>
<p><strong>El encuentro se celebrará de manera virtual a través de la plataforma de Microsoft Teams.</strong></p>
<p>Las empresas y autónomos que deseen asistir, pueden inscribirse a través del <a href="https://zfrmz.com/pDKgJr7UiZAsHDRKuCO6" target="_blank" rel="noopener"><strong>formulario de registro.</strong></a></p>
<p><strong><a href="https://acelerapyme.asime.es/coruna/wp-content/uploads/sites/2/2023/02/programa-evento-crm_28-2-2023-1.pdf" target="_blank" rel="noopener">Descarga el programa completo</a></strong></p>

<p>Nos complace invitarte al próximo evento: CRM: El software para la gestión de clientes, organizado por la Oficina Acelera Pyme Rural de A Coruña, que celebraremos en modo online el &#8230; <a title="CRM: El software para la gestión de clientes" class="read-more" href="https://acelerapyme.asime.es/coruna/evento/crm-el-software-para-la-gestion-de-clientes/" aria-label="Más en CRM: El software para la gestión de clientes">Leer más</a></p>
