{"id":1249,"date":"2023-05-12T12:29:54","date_gmt":"2023-05-12T12:29:54","guid":{"rendered":"https:\/\/acelerapyme.asime.es\/coruna\/?post_type=tribe_events&#038;p=1249"},"modified":"2023-06-06T08:57:59","modified_gmt":"2023-06-06T08:57:59","slug":"taller-como-optimizar-la-presencia-online-de-tu-empresa","status":"publish","type":"tribe_events","link":"https:\/\/acelerapyme.asime.es\/coruna\/evento\/taller-como-optimizar-la-presencia-online-de-tu-empresa\/","title":{"rendered":"Taller: C\u00f3mo optimizar la presencia online de tu empresa"},"content":{"rendered":"<p>Nos complace anunciaros la celebraci\u00f3n de nuestro primer Taller para el <a href=\"https:\/\/www.sada.gal\/\" target=\"_blank\" rel=\"noopener\">Concello de Sada<\/a>: <strong>C\u00f3mo optimizar la presencia online de tu empresa.<\/strong><\/p>\n<p>El evento tiene como fin seguir apoyando a las pymes, aut\u00f3nomos y emprendedores de cualquier sector en el proceso de Transformaci\u00f3n Digital e incorporaci\u00f3n de <strong>nuevas tecnolog\u00edas en sus modelos de negocio.<\/strong><\/p>\n<p>Desde nuestra <a href=\"https:\/\/acelerapyme.asime.es\/coruna\/\">Oficina Acelera Pyme de A Coru\u00f1a<\/a> os invitamos <strong>asistir al taller<\/strong> que celebraremos el pr\u00f3ximo<span style=\"color: #000000\">\u00a0<strong>29 de mayo a las 12:00hs, en el <a href=\"https:\/\/www.paxinasgalegas.es\/aula-cemit-445739em.html\" target=\"_blank\" rel=\"noopener\">Aula Cemit del Concello de Sada<\/a><\/strong><\/span>\u00a0Este encuentro te brinda la oportunidad de informarte sobre las tecnolog\u00edas disponibles para ayudarte a <strong>mejorar la imagen de tu marca, alcanzar nuevos clientes y mercados e incrementar tus ventas<\/strong>.<\/p>\n<p>En el encuentro estaremos explicando c\u00f3mo puedes incrementar tu presencia en la <strong>web y los beneficios que puedes obtener<\/strong>. Te contaremos como <strong>desarrollar tu propia estrategia comercial<\/strong> y <strong>aprender\u00e1s a alcanzar un reconocimiento tanto a nivel local como nacional.<\/strong><\/p>\n<h3><strong><span style=\"color: #1165ad\">Contenidos<\/span><\/strong><\/h3>\n<p><strong>Emilia Lareo<\/strong>, CEO y directora creativa en <a href=\"https:\/\/www.noroesteweb.com\/\" target=\"_blank\" rel=\"noopener\">Noroesteweb,<\/a> <span style=\"font-size: inherit\">desgranar\u00e1 los siguientes puntos:<\/span><\/p>\n<ul>\n<li>Introducci\u00f3n al SEO<\/li>\n<li>SEO On Page<\/li>\n<li>SEO Off Page<\/li>\n<li>An\u00e1lisis y seguimiento<\/li>\n<li>Preguntas y conclusiones<\/li>\n<\/ul>\n<p>Las empresas asistentes podr\u00e1n plantear sus dudas en la sesi\u00f3n informativa, para ser resueltas por la experta.<\/p>\n<h3><strong><span style=\"color: #1165ad\">Programa<\/span><\/strong><\/h3>\n<p>12:00- 12:10hs Apertura<\/p>\n<ul>\n<li><strong>Cheryll Stonestreet<\/strong>, T\u00e9cnica OAPR Coru\u00f1a, ASIME<\/li>\n<\/ul>\n<p>12:10- 12:55hs Presentaci\u00f3n<\/p>\n<ul>\n<li><strong>Emilia Lareo<\/strong>, CEO, Noroesteweb<\/li>\n<\/ul>\n<p>12:55- 13:05hs Clausura<\/p>\n<ul>\n<li><strong>Cheryll Stonestreet,<\/strong> T\u00e9cnica OAPR Coru\u00f1a, ASIME<\/li>\n<\/ul>\n<h3><strong><span style=\"color: #1165ad\">Inscripci\u00f3n\u00a0<\/span><\/strong><\/h3>\n<p>El encuentro se celebrar\u00e1 en el <strong>Aula Cemit del Concello de Sada<\/strong> en: Avda. da Mari\u00f1a, 46 &#8211; 15160 &#8211; Sada (A Coru\u00f1a)<\/p>\n<p>Las personas que deseen asistir, pueden inscribirse a trav\u00e9s del <a href=\"https:\/\/zfrmz.com\/aJqRPjvLApFIqY50UJl6\" target=\"_blank\" rel=\"noopener\"><strong>formulario de registro.<\/strong><\/a><\/p>\n<p><a href=\"https:\/\/acelerapyme.asime.es\/coruna\/wp-content\/uploads\/sites\/2\/2023\/05\/Taller-Como-optmizar-la-presencia-online_29-05-2023-2.pdf\"><strong>Descarga el programa completo<\/strong><\/a><\/p>\n","protected":false},"excerpt":{"rendered":"<p>Nos complace anunciaros la celebraci\u00f3n de nuestro primer Taller para el Concello de Sada: C\u00f3mo optimizar la presencia online de tu empresa. El evento tiene como fin seguir apoyando a &#8230; <a title=\"Taller: C\u00f3mo optimizar la presencia online de tu empresa\" class=\"read-more\" href=\"https:\/\/acelerapyme.asime.es\/coruna\/evento\/taller-como-optimizar-la-presencia-online-de-tu-empresa\/\" aria-label=\"M\u00e1s en Taller: C\u00f3mo optimizar la presencia online de tu empresa\">Leer m\u00e1s<\/a><\/p>\n","protected":false},"author":2,"featured_media":1312,"comment_status":"open","ping_status":"closed","template":"","meta":{"_tribe_events_status":"","_tribe_events_status_reason":"","footnotes":""},"tags":[],"tribe_events_cat":[],"class_list":["post-1249","tribe_events","type-tribe_events","status-publish","has-post-thumbnail","hentry"],"acf":[],"_links":{"self":[{"href":"https:\/\/acelerapyme.asime.es\/coruna\/wp-json\/wp\/v2\/tribe_events\/1249","targetHints":{"allow":["GET"]}}],"collection":[{"href":"https:\/\/acelerapyme.asime.es\/coruna\/wp-json\/wp\/v2\/tribe_events"}],"about":[{"href":"https:\/\/acelerapyme.asime.es\/coruna\/wp-json\/wp\/v2\/types\/tribe_events"}],"author":[{"embeddable":true,"href":"https:\/\/acelerapyme.asime.es\/coruna\/wp-json\/wp\/v2\/users\/2"}],"replies":[{"embeddable":true,"href":"https:\/\/acelerapyme.asime.es\/coruna\/wp-json\/wp\/v2\/comments?post=1249"}],"version-history":[{"count":9,"href":"https:\/\/acelerapyme.asime.es\/coruna\/wp-json\/wp\/v2\/tribe_events\/1249\/revisions"}],"predecessor-version":[{"id":1311,"href":"https:\/\/acelerapyme.asime.es\/coruna\/wp-json\/wp\/v2\/tribe_events\/1249\/revisions\/1311"}],"wp:featuredmedia":[{"embeddable":true,"href":"https:\/\/acelerapyme.asime.es\/coruna\/wp-json\/wp\/v2\/media\/1312"}],"wp:attachment":[{"href":"https:\/\/acelerapyme.asime.es\/coruna\/wp-json\/wp\/v2\/media?parent=1249"}],"wp:term":[{"taxonomy":"post_tag","embeddable":true,"href":"https:\/\/acelerapyme.asime.es\/coruna\/wp-json\/wp\/v2\/tags?post=1249"},{"taxonomy":"tribe_events_cat","embeddable":true,"href":"https:\/\/acelerapyme.asime.es\/coruna\/wp-json\/wp\/v2\/tribe_events_cat?post=1249"}],"curies":[{"name":"wp","href":"https:\/\/api.w.org\/{rel}","templated":true}]}}

Taller: Cómo optimizar la presencia online de tu empresa

<p>Nos complace anunciaros la celebración de nuestro primer Taller para el <a href="https://www.sada.gal/" target="_blank" rel="noopener">Concello de Sada</a>: <strong>Cómo optimizar la presencia online de tu empresa.</strong></p>
<p>El evento tiene como fin seguir apoyando a las pymes, autónomos y emprendedores de cualquier sector en el proceso de Transformación Digital e incorporación de <strong>nuevas tecnologías en sus modelos de negocio.</strong></p>
<p>Desde nuestra <a href="https://acelerapyme.asime.es/coruna/">Oficina Acelera Pyme de A Coruña</a> os invitamos <strong>asistir al taller</strong> que celebraremos el próximo<span style="color: #000000"> <strong>29 de mayo a las 12:00hs, en el <a href="https://www.paxinasgalegas.es/aula-cemit-445739em.html" target="_blank" rel="noopener">Aula Cemit del Concello de Sada</a></strong></span> Este encuentro te brinda la oportunidad de informarte sobre las tecnologías disponibles para ayudarte a <strong>mejorar la imagen de tu marca, alcanzar nuevos clientes y mercados e incrementar tus ventas</strong>.</p>
<p>En el encuentro estaremos explicando cómo puedes incrementar tu presencia en la <strong>web y los beneficios que puedes obtener</strong>. Te contaremos como <strong>desarrollar tu propia estrategia comercial</strong> y <strong>aprenderás a alcanzar un reconocimiento tanto a nivel local como nacional.</strong></p>
<h3><strong><span style="color: #1165ad">Contenidos</span></strong></h3>
<p><strong>Emilia Lareo</strong>, CEO y directora creativa en <a href="https://www.noroesteweb.com/" target="_blank" rel="noopener">Noroesteweb,</a> <span style="font-size: inherit">desgranará los siguientes puntos:</span></p>
<ul>
<li>Introducción al SEO</li>
<li>SEO On Page</li>
<li>SEO Off Page</li>
<li>Análisis y seguimiento</li>
<li>Preguntas y conclusiones</li>
</ul>
<p>Las empresas asistentes podrán plantear sus dudas en la sesión informativa, para ser resueltas por la experta.</p>
<h3><strong><span style="color: #1165ad">Programa</span></strong></h3>
<p>12:00- 12:10hs Apertura</p>
<ul>
<li><strong>Cheryll Stonestreet</strong>, Técnica OAPR Coruña, ASIME</li>
</ul>
<p>12:10- 12:55hs Presentación</p>
<ul>
<li><strong>Emilia Lareo</strong>, CEO, Noroesteweb</li>
</ul>
<p>12:55- 13:05hs Clausura</p>
<ul>
<li><strong>Cheryll Stonestreet,</strong> Técnica OAPR Coruña, ASIME</li>
</ul>
<h3><strong><span style="color: #1165ad">Inscripción </span></strong></h3>
<p>El encuentro se celebrará en el <strong>Aula Cemit del Concello de Sada</strong> en: Avda. da Mariña, 46 &#8211; 15160 &#8211; Sada (A Coruña)</p>
<p>Las personas que deseen asistir, pueden inscribirse a través del <a href="https://zfrmz.com/aJqRPjvLApFIqY50UJl6" target="_blank" rel="noopener"><strong>formulario de registro.</strong></a></p>
<p><a href="https://acelerapyme.asime.es/coruna/wp-content/uploads/sites/2/2023/05/Taller-Como-optmizar-la-presencia-online_29-05-2023-2.pdf"><strong>Descarga el programa completo</strong></a></p>

<p>Nos complace anunciaros la celebración de nuestro primer Taller para el Concello de Sada: Cómo optimizar la presencia online de tu empresa. El evento tiene como fin seguir apoyando a &#8230; <a title="Taller: Cómo optimizar la presencia online de tu empresa" class="read-more" href="https://acelerapyme.asime.es/coruna/evento/taller-como-optimizar-la-presencia-online-de-tu-empresa/" aria-label="Más en Taller: Cómo optimizar la presencia online de tu empresa">Leer más</a></p>
