{"id":1015,"date":"2023-04-11T14:19:28","date_gmt":"2023-04-11T14:19:28","guid":{"rendered":"https:\/\/acelerapyme.asime.es\/coruna\/?post_type=tribe_events&#038;p=1015"},"modified":"2023-05-01T19:46:15","modified_gmt":"2023-05-01T19:46:15","slug":"taller-de-ciberseguridad-y-metodologias-agiles-para-los-autonomos","status":"publish","type":"tribe_events","link":"https:\/\/acelerapyme.asime.es\/coruna\/evento\/taller-de-ciberseguridad-y-metodologias-agiles-para-los-autonomos\/","title":{"rendered":"Taller de Ciberseguridad y metodolog\u00edas \u00e1giles para los aut\u00f3nomos"},"content":{"rendered":"<p>Te invitamos a participar del taller presencial <strong>Ciberseguridad y metodolog\u00edas \u00e1giles para los aut\u00f3nomos<\/strong> orientado a los emprendedores y aut\u00f3nomos con la finalidad de ofrecerles apoyo en la adaptaci\u00f3n de las nuevas tecnolog\u00edas a sus negocios.<\/p>\n<p>El evento contar\u00e1 con la participaci\u00f3n de la docente <strong>Cheryll Stonestreet, <\/strong>gestora de proyectos en Asime quien ha participado por varios a\u00f1os como profesora, en distintas acciones formativas de Nuevas Tecnolog\u00edas para varias empresas.<\/p>\n<p>El <strong>encuentro presencial<\/strong> te brindar\u00e1 la oportunidad de identificar y evaluar riesgos en materia<strong> de Ciberseguridad<\/strong> y conocer algunos consejos para enfrentar amenazas de seguridad de la informaci\u00f3n y los principales beneficios de adaptar las metodolog\u00edas \u00e1giles a tu negocio.<\/p>\n<p><strong>Contenidos<\/strong><\/p>\n<ul>\n<li>Mundo f\u00edsico frente al mundo virtual<\/li>\n<li>La seguridad Digital y el negocio<\/li>\n<li>Amenazas y vulnerabilidades<\/li>\n<li>Mecanismos de Defensa<\/li>\n<li>Buenas pr\u00e1cticas en metodolog\u00edas \u00e1giles<\/li>\n<\/ul>\n<p><strong>Programa<\/strong><\/p>\n<p>12:00- 12.05hs Bienvenida<\/p>\n<p>12:05- 13:00hs Presentaci\u00f3n: <strong>Ciberseguridad y metodolog\u00edas \u00e1giles para los aut\u00f3nomos<\/strong><\/p>\n<ul>\n<li><strong>Cheryll Stonestreet,<\/strong> T\u00e9cnica OAPR Coru\u00f1a, ASIME<\/li>\n<\/ul>\n<p>13:00- 13:10hs Preguntas<\/p>\n<p>13:10- 13:15hs Clausura<\/p>\n<p>&nbsp;<\/p>\n<p><strong>Inscripci\u00f3n\u00a0<\/strong><\/p>\n<p>El encuentro se celebrar\u00e1 de manera presencial en la<strong> Casa da Cultura del Concello de San Sadurnino<\/strong> (Avda. Marqu\u00e9s de Figueroa, 13 &#8211; 15560 &#8211; <strong>San Sadurni\u00f1o<\/strong> (A Coru\u00f1a)).<\/p>\n<p>Las personas aut\u00f3nomas y emprendedores que deseen asistir pueden inscribirse a trav\u00e9s del <a href=\"https:\/\/zfrmz.com\/ZNbmzDvr0KOrbtI7KBlT\" target=\"_blank\" rel=\"noopener\"><strong>formulario de registro.<\/strong><\/a><\/p>\n<p><a href=\"https:\/\/acelerapyme.asime.es\/coruna\/wp-content\/uploads\/sites\/2\/2023\/04\/programa-Ciberseguridad-y-MA-para-Autonomos_28-04-23.pdf\"><strong>Descarga el programa completo<\/strong><\/a><\/p>\n","protected":false},"excerpt":{"rendered":"<p>Te invitamos a participar del taller presencial Ciberseguridad y metodolog\u00edas \u00e1giles para los aut\u00f3nomos orientado a los emprendedores y aut\u00f3nomos con la finalidad de ofrecerles apoyo en la adaptaci\u00f3n de &#8230; <a title=\"Taller de Ciberseguridad y metodolog\u00edas \u00e1giles para los aut\u00f3nomos\" class=\"read-more\" href=\"https:\/\/acelerapyme.asime.es\/coruna\/evento\/taller-de-ciberseguridad-y-metodologias-agiles-para-los-autonomos\/\" aria-label=\"M\u00e1s en Taller de Ciberseguridad y metodolog\u00edas \u00e1giles para los aut\u00f3nomos\">Leer m\u00e1s<\/a><\/p>\n","protected":false},"author":2,"featured_media":1140,"comment_status":"open","ping_status":"closed","template":"","meta":{"_tribe_events_status":"","_tribe_events_status_reason":"","footnotes":""},"tags":[],"tribe_events_cat":[],"class_list":["post-1015","tribe_events","type-tribe_events","status-publish","has-post-thumbnail","hentry"],"acf":[],"_links":{"self":[{"href":"https:\/\/acelerapyme.asime.es\/coruna\/wp-json\/wp\/v2\/tribe_events\/1015","targetHints":{"allow":["GET"]}}],"collection":[{"href":"https:\/\/acelerapyme.asime.es\/coruna\/wp-json\/wp\/v2\/tribe_events"}],"about":[{"href":"https:\/\/acelerapyme.asime.es\/coruna\/wp-json\/wp\/v2\/types\/tribe_events"}],"author":[{"embeddable":true,"href":"https:\/\/acelerapyme.asime.es\/coruna\/wp-json\/wp\/v2\/users\/2"}],"replies":[{"embeddable":true,"href":"https:\/\/acelerapyme.asime.es\/coruna\/wp-json\/wp\/v2\/comments?post=1015"}],"version-history":[{"count":4,"href":"https:\/\/acelerapyme.asime.es\/coruna\/wp-json\/wp\/v2\/tribe_events\/1015\/revisions"}],"predecessor-version":[{"id":1139,"href":"https:\/\/acelerapyme.asime.es\/coruna\/wp-json\/wp\/v2\/tribe_events\/1015\/revisions\/1139"}],"wp:featuredmedia":[{"embeddable":true,"href":"https:\/\/acelerapyme.asime.es\/coruna\/wp-json\/wp\/v2\/media\/1140"}],"wp:attachment":[{"href":"https:\/\/acelerapyme.asime.es\/coruna\/wp-json\/wp\/v2\/media?parent=1015"}],"wp:term":[{"taxonomy":"post_tag","embeddable":true,"href":"https:\/\/acelerapyme.asime.es\/coruna\/wp-json\/wp\/v2\/tags?post=1015"},{"taxonomy":"tribe_events_cat","embeddable":true,"href":"https:\/\/acelerapyme.asime.es\/coruna\/wp-json\/wp\/v2\/tribe_events_cat?post=1015"}],"curies":[{"name":"wp","href":"https:\/\/api.w.org\/{rel}","templated":true}]}}

Taller de Ciberseguridad y metodologías ágiles para los autónomos

<p>Te invitamos a participar del taller presencial <strong>Ciberseguridad y metodologías ágiles para los autónomos</strong> orientado a los emprendedores y autónomos con la finalidad de ofrecerles apoyo en la adaptación de las nuevas tecnologías a sus negocios.</p>
<p>El evento contará con la participación de la docente <strong>Cheryll Stonestreet, </strong>gestora de proyectos en Asime quien ha participado por varios años como profesora, en distintas acciones formativas de Nuevas Tecnologías para varias empresas.</p>
<p>El <strong>encuentro presencial</strong> te brindará la oportunidad de identificar y evaluar riesgos en materia<strong> de Ciberseguridad</strong> y conocer algunos consejos para enfrentar amenazas de seguridad de la información y los principales beneficios de adaptar las metodologías ágiles a tu negocio.</p>
<p><strong>Contenidos</strong></p>
<ul>
<li>Mundo físico frente al mundo virtual</li>
<li>La seguridad Digital y el negocio</li>
<li>Amenazas y vulnerabilidades</li>
<li>Mecanismos de Defensa</li>
<li>Buenas prácticas en metodologías ágiles</li>
</ul>
<p><strong>Programa</strong></p>
<p>12:00- 12.05hs Bienvenida</p>
<p>12:05- 13:00hs Presentación: <strong>Ciberseguridad y metodologías ágiles para los autónomos</strong></p>
<ul>
<li><strong>Cheryll Stonestreet,</strong> Técnica OAPR Coruña, ASIME</li>
</ul>
<p>13:00- 13:10hs Preguntas</p>
<p>13:10- 13:15hs Clausura</p>
<p>&nbsp;</p>
<p><strong>Inscripción </strong></p>
<p>El encuentro se celebrará de manera presencial en la<strong> Casa da Cultura del Concello de San Sadurnino</strong> (Avda. Marqués de Figueroa, 13 &#8211; 15560 &#8211; <strong>San Sadurniño</strong> (A Coruña)).</p>
<p>Las personas autónomas y emprendedores que deseen asistir pueden inscribirse a través del <a href="https://zfrmz.com/ZNbmzDvr0KOrbtI7KBlT" target="_blank" rel="noopener"><strong>formulario de registro.</strong></a></p>
<p><a href="https://acelerapyme.asime.es/coruna/wp-content/uploads/sites/2/2023/04/programa-Ciberseguridad-y-MA-para-Autonomos_28-04-23.pdf"><strong>Descarga el programa completo</strong></a></p>

<p>Te invitamos a participar del taller presencial Ciberseguridad y metodologías ágiles para los autónomos orientado a los emprendedores y autónomos con la finalidad de ofrecerles apoyo en la adaptación de &#8230; <a title="Taller de Ciberseguridad y metodologías ágiles para los autónomos" class="read-more" href="https://acelerapyme.asime.es/coruna/evento/taller-de-ciberseguridad-y-metodologias-agiles-para-los-autonomos/" aria-label="Más en Taller de Ciberseguridad y metodologías ágiles para los autónomos">Leer más</a></p>
