{"id":1004,"date":"2023-04-11T13:15:26","date_gmt":"2023-04-11T13:15:26","guid":{"rendered":"https:\/\/acelerapyme.asime.es\/coruna\/?post_type=tribe_events&#038;p=1004"},"modified":"2023-04-26T07:10:35","modified_gmt":"2023-04-26T07:10:35","slug":"analisis-de-datos-de-negocio-y-business-intelligence-para-pymes","status":"publish","type":"tribe_events","link":"https:\/\/acelerapyme.asime.es\/coruna\/evento\/analisis-de-datos-de-negocio-y-business-intelligence-para-pymes\/","title":{"rendered":"An\u00e1lisis de datos de negocio y Business Intelligence para pymes"},"content":{"rendered":"<p>Desde la Oficina Acelera Pyme de Asime en Coru\u00f1a, nos complace anunciaros nuestro primer evento de Business Intelligence para las pymes del Concello de Bergondo.<\/p>\n<p>Os invitamos a <strong>asistir a la jornada presencial que celebraremos<\/strong> el pr\u00f3ximo <strong>jueves, 20 de abril a las 16:00 hs en la Casa de la Cultura de Bergondo (15165 Bergondo, A Coru\u00f1a).<\/strong> Este encuentro ofrece la oportunidad de conocer las \u00faltimas tendencias en An\u00e1lisis de Negocio para facilitar: la optimizaci\u00f3n del tiempo, agilizaci\u00f3n de los procesos de toma de decisiones y el incremento del retorno de la inversi\u00f3n mediante la implementaci\u00f3n del BI en los negocios.<\/p>\n<p><strong>Programa<\/strong><\/p>\n<p>16:00- 16.05 hs Apertura<\/p>\n<ul>\n<li><strong>Cheryll Stonestreet<\/strong>, T\u00e9cnica de Proyectos, Asime<\/li>\n<\/ul>\n<p>16:05- 16.55 hs Presentaci\u00f3n: An\u00e1lisis de datos de negocio y Business Intelligence para pymes<\/p>\n<ul>\n<li><strong>Carolina Campos \u00c1lvarez<\/strong>, Coordinadora de desarrollo de negocio, Bonsai BI\n<ul>\n<li><strong>Enfoque y Perspectiva BI<\/strong><\/li>\n<li><strong>Infraestructura de BI<\/strong><\/li>\n<li><strong>Procesos de Captaci\u00f3n de Informaci\u00f3n<\/strong><\/li>\n<li><strong>Pr\u00e1cticum<\/strong><\/li>\n<\/ul>\n<\/li>\n<\/ul>\n<p>16:55- 17.00 hs Preguntas y conclusiones<\/p>\n<p>17:00- 17.05 hs Clausura<\/p>\n<ul>\n<li><strong>Cheryll Stonestreet,<\/strong> T\u00e9cnica de Proyectos, Asime<\/li>\n<\/ul>\n<p><strong>Inscripci\u00f3n\u00a0<\/strong><\/p>\n<p>El encuentro se celebrar\u00e1 de manera presencial en la Casa de la Cultura del Concello de Bergondo <strong>(15165 Bergondo, A Coru\u00f1a<\/strong>)<\/p>\n<p>Las personas aut\u00f3nomas y empresas que deseen asistir pueden inscribirse a trav\u00e9s del <a href=\"https:\/\/zfrmz.com\/X4IyaEdZPIkzuvLQ8WVN\" target=\"_blank\" rel=\"noopener\"><strong>formulario de registro.<\/strong><\/a><\/p>\n<p><a href=\"https:\/\/acelerapyme.asime.es\/coruna\/wp-content\/uploads\/sites\/2\/2023\/04\/programa-evento-Business-Intelligence_11-04-2023.pdf\"><strong>Descarga el programa completo<\/strong><\/a><\/p>\n","protected":false},"excerpt":{"rendered":"<p>Desde la Oficina Acelera Pyme de Asime en Coru\u00f1a, nos complace anunciaros nuestro primer evento de Business Intelligence para las pymes del Concello de Bergondo. Os invitamos a asistir a &#8230; <a title=\"An\u00e1lisis de datos de negocio y Business Intelligence para pymes\" class=\"read-more\" href=\"https:\/\/acelerapyme.asime.es\/coruna\/evento\/analisis-de-datos-de-negocio-y-business-intelligence-para-pymes\/\" aria-label=\"M\u00e1s en An\u00e1lisis de datos de negocio y Business Intelligence para pymes\">Leer m\u00e1s<\/a><\/p>\n","protected":false},"author":2,"featured_media":1005,"comment_status":"open","ping_status":"closed","template":"","meta":{"_tribe_events_status":"","_tribe_events_status_reason":"","footnotes":""},"tags":[],"tribe_events_cat":[],"class_list":["post-1004","tribe_events","type-tribe_events","status-publish","has-post-thumbnail","hentry"],"acf":[],"_links":{"self":[{"href":"https:\/\/acelerapyme.asime.es\/coruna\/wp-json\/wp\/v2\/tribe_events\/1004","targetHints":{"allow":["GET"]}}],"collection":[{"href":"https:\/\/acelerapyme.asime.es\/coruna\/wp-json\/wp\/v2\/tribe_events"}],"about":[{"href":"https:\/\/acelerapyme.asime.es\/coruna\/wp-json\/wp\/v2\/types\/tribe_events"}],"author":[{"embeddable":true,"href":"https:\/\/acelerapyme.asime.es\/coruna\/wp-json\/wp\/v2\/users\/2"}],"replies":[{"embeddable":true,"href":"https:\/\/acelerapyme.asime.es\/coruna\/wp-json\/wp\/v2\/comments?post=1004"}],"version-history":[{"count":6,"href":"https:\/\/acelerapyme.asime.es\/coruna\/wp-json\/wp\/v2\/tribe_events\/1004\/revisions"}],"predecessor-version":[{"id":1014,"href":"https:\/\/acelerapyme.asime.es\/coruna\/wp-json\/wp\/v2\/tribe_events\/1004\/revisions\/1014"}],"wp:featuredmedia":[{"embeddable":true,"href":"https:\/\/acelerapyme.asime.es\/coruna\/wp-json\/wp\/v2\/media\/1005"}],"wp:attachment":[{"href":"https:\/\/acelerapyme.asime.es\/coruna\/wp-json\/wp\/v2\/media?parent=1004"}],"wp:term":[{"taxonomy":"post_tag","embeddable":true,"href":"https:\/\/acelerapyme.asime.es\/coruna\/wp-json\/wp\/v2\/tags?post=1004"},{"taxonomy":"tribe_events_cat","embeddable":true,"href":"https:\/\/acelerapyme.asime.es\/coruna\/wp-json\/wp\/v2\/tribe_events_cat?post=1004"}],"curies":[{"name":"wp","href":"https:\/\/api.w.org\/{rel}","templated":true}]}}

Análisis de datos de negocio y Business Intelligence para pymes

<p>Desde la Oficina Acelera Pyme de Asime en Coruña, nos complace anunciaros nuestro primer evento de Business Intelligence para las pymes del Concello de Bergondo.</p>
<p>Os invitamos a <strong>asistir a la jornada presencial que celebraremos</strong> el próximo <strong>jueves, 20 de abril a las 16:00 hs en la Casa de la Cultura de Bergondo (15165 Bergondo, A Coruña).</strong> Este encuentro ofrece la oportunidad de conocer las últimas tendencias en Análisis de Negocio para facilitar: la optimización del tiempo, agilización de los procesos de toma de decisiones y el incremento del retorno de la inversión mediante la implementación del BI en los negocios.</p>
<p><strong>Programa</strong></p>
<p>16:00- 16.05 hs Apertura</p>
<ul>
<li><strong>Cheryll Stonestreet</strong>, Técnica de Proyectos, Asime</li>
</ul>
<p>16:05- 16.55 hs Presentación: Análisis de datos de negocio y Business Intelligence para pymes</p>
<ul>
<li><strong>Carolina Campos Álvarez</strong>, Coordinadora de desarrollo de negocio, Bonsai BI
<ul>
<li><strong>Enfoque y Perspectiva BI</strong></li>
<li><strong>Infraestructura de BI</strong></li>
<li><strong>Procesos de Captación de Información</strong></li>
<li><strong>Prácticum</strong></li>
</ul>
</li>
</ul>
<p>16:55- 17.00 hs Preguntas y conclusiones</p>
<p>17:00- 17.05 hs Clausura</p>
<ul>
<li><strong>Cheryll Stonestreet,</strong> Técnica de Proyectos, Asime</li>
</ul>
<p><strong>Inscripción </strong></p>
<p>El encuentro se celebrará de manera presencial en la Casa de la Cultura del Concello de Bergondo <strong>(15165 Bergondo, A Coruña</strong>)</p>
<p>Las personas autónomas y empresas que deseen asistir pueden inscribirse a través del <a href="https://zfrmz.com/X4IyaEdZPIkzuvLQ8WVN" target="_blank" rel="noopener"><strong>formulario de registro.</strong></a></p>
<p><a href="https://acelerapyme.asime.es/coruna/wp-content/uploads/sites/2/2023/04/programa-evento-Business-Intelligence_11-04-2023.pdf"><strong>Descarga el programa completo</strong></a></p>

<p>Desde la Oficina Acelera Pyme de Asime en Coruña, nos complace anunciaros nuestro primer evento de Business Intelligence para las pymes del Concello de Bergondo. Os invitamos a asistir a &#8230; <a title="Análisis de datos de negocio y Business Intelligence para pymes" class="read-more" href="https://acelerapyme.asime.es/coruna/evento/analisis-de-datos-de-negocio-y-business-intelligence-para-pymes/" aria-label="Más en Análisis de datos de negocio y Business Intelligence para pymes">Leer más</a></p>
